 of 1689.
3, 563
List the prime factors of 3816.
2, 3, 53
What are the prime factors of 2241?
3, 83
What are the prime factors of 18028?
2, 4507
What are the prime factors of 9283?
9283
What are the prime factors of 4170?
2, 3, 5, 139
What are the prime factors of 1846?
2, 13, 71
List the prime factors of 1935.
3, 5, 43
What are the prime factors of 3369?
3, 1123
What are the prime factors of 665?
5, 7, 19
List the prime factors of 713.
23, 31
What are the prime factors of 734?
2, 367
List the prime factors of 35001.
3, 3889
List the prime factors of 17014.
2, 47, 181
What are the prime factors of 993?
3, 331
What are the prime factors of 3116?
2, 19, 41
List the prime factors of 6276.
2, 3, 523
What are the prime factors of 1734?
2, 3, 17
List the prime factors of 2836.
2, 709
List the prime factors of 4202.
2, 11, 191
List the prime factors of 597.
3, 199
List the prime factors of 2133.
3, 79
What are the prime factors of 964?
2, 241
List the prime factors of 112165.
5, 22433
What are the prime factors of 365?
5, 73
List the prime factors of 1334.
2, 23, 29
What are the prime factors of 91628?
2, 22907
List the prime factors of 3926.
2, 13, 151
What are the prime factors of 1420?
2, 5, 71
List the prime factors of 16374.
2, 3, 2729
List the prime factors of 121638.
2, 3, 11, 19, 97
What are the prime factors of 39964?
2, 97, 103
List the prime factors of 3210.
2, 3, 5, 107
What are the prime factors of 8392?
2, 1049
What are the prime factors of 32637?
3, 11, 23, 43
What are the prime factors of 291?
3, 97
List the prime factors of 63819.
3, 7, 1013
What are the prime factors of 1109?
1109
List the prime factors of 1942.
2, 971
What are the prime factors of 575?
5, 23
List the prime factors of 120.
2, 3, 5
What are the prime factors of 434?
2, 7, 31
What are the prime factors of 8967?
3, 7, 61
List the prime factors of 105330.
2, 3, 5, 3511
List the prime factors of 33138.
2, 3, 7, 263
List the prime factors of 91692.
2, 3, 283
What are the prime factors of 5635?
5, 7, 23
List the prime factors of 789.
3, 263
What are the prime factors of 7360?
2, 5, 23
List the prime factors of 268.
2, 67
What are the prime factors of 3209?
3209
List the prime factors of 31919.
59, 541
What are the prime factors of 48565?
5, 11, 883
List the prime factors of 40936.
2, 7, 17, 43
List the prime factors of 20830.
2, 5, 2083
List the prime factors of 88431.
3, 7, 4211
What are the prime factors of 10996?
2, 2749
What are the prime factors of 1995?
3, 5, 7, 19
What are the prime factors of 271?
271
List the prime factors of 35607.
3, 11, 13, 83
List the prime factors of 2223.
3, 13, 19
What are the prime factors of 211?
211
List the prime factors of 933.
3, 311
List the prime factors of 6665.
5, 31, 43
List the prime factors of 356.
2, 89
What are the prime factors of 2380?
2, 5, 7, 17
What are the prime factors of 876?
2, 3, 73
What are the prime factors of 635?
5, 127
List the prime factors of 607.
607
List the prime factors of 1198.
2, 599
List the prime factors of 6335.
5, 7, 181
What are the prime factors of 692?
2, 173
What are the prime factors of 24908?
2, 13, 479
What are the prime factors of 2566?
2, 1283
What are the prime factors of 2231?
23, 97
List the prime factors of 23122.
2, 11, 1051
List the prime factors of 51554.
2, 149, 173
What are the prime factors of 124677?
3, 7, 1979
List the prime factors of 1289.
1289
What are the prime factors of 28835?
5, 73, 79
What are the prime factors of 2178?
2, 3, 11
List the prime factors of 1496.
2, 11, 17
What are the prime factors of 16871?
16871
List the prime factors of 10490.
2, 5, 1049
What are the prime factors of 3245?
5, 11, 59
List the prime factors of 5327.
7, 761
What are the prime factors of 3695?
5, 739
List the prime factors of 3993.
3, 11
What are the prime factors of 4312?
2, 7, 11
What are the prime factors of 4068?
2, 3, 113
What are the prime factors of 13659?
3, 29, 157
What are the prime factors of 704?
2, 11
List the prime factors of 217.
7, 31
List the prime factors of 1218.
2, 3, 7, 29
What are the prime factors of 6902?
2, 7, 17, 29
What are the prime factors of 747?
3, 83
What are the prime factors of 2881?
43, 67
List the prime factors of 38560.
2, 5, 241
What are the prime factors of 45915?
3, 5, 3061
What are the prime factors of 22753?
61, 373
List the prime factors of 50202.
2, 3, 2789
List the prime factors of 127161.
3, 71, 199
List the prime factors of 3131.
31, 101
List the prime factors of 1935.
3, 5, 43
List the prime factors of 15222.
2, 3, 43, 59
List the prime factors of 10113.
3, 3371
What are the prime factors of 5336?
2, 23, 29
What are the prime factors of 8778?
2, 3, 7, 11, 19
List the prime factors of 84769.
103, 823
List the prime factors of 15318.
2, 3, 23, 37
What are the prime factors of 44681?
7, 13, 491
What are the prime factors of 714?
2, 3, 7, 17
What are the prime factors of 633?
3, 211
What are the prime factors of 1112?
2, 139
What are the prime factors of 92568?
2, 3, 7, 19, 29
What are the prime factors of 37?
37
List the prime factors of 45207.
3, 5023
List the prime factors of 13857.
3, 31, 149
What are the prime factors of 8362?
2, 37, 113
List the prime factors of 24996.
2, 3, 2083
List the prime factors of 20893.
17, 1229
List the prime factors of 22317.
3, 43, 173
List the prime factors of 110408.
2, 37, 373
List the prime factors of 5282.
2, 19, 139
What are the prime factors of 31737?
3, 71, 149
What are the prime factors of 29764?
2, 7, 1063
List the prime factors of 2182.
2, 1091
List the prime factors of 820.
2, 5, 41
What are the prime factors of 69970?
2, 5, 6997
What are the prime factors of 1169?
7, 167
What are the prime factors of 1426?
2, 23, 31
List the prime factors of 125212.
2, 23, 1361
List the prime factors of 15036.
2, 3, 7, 179
What are the prime factors of 4532?
2, 11, 103
What are the prime factors of 66634?
2, 33317
What are the prime factors of 4742?
2, 2371
What are the prime factors of 69?
3, 23
List the prime factors of 10168.
2, 31, 41
List the prime factors of 2047.
23, 89
List the prime factors of 17645.
5, 3529
What are the prime factors of 561?
3, 11, 17
List the prime factors of 2744.
2, 7
List the prime factors of 58651.
89, 659
What are the prime factors of 24783?
3, 11, 751
What are the prime factors of 8168?
2, 1021
List the prime factors of 17908.
2, 11, 37
List the prime factors of 5201.
7, 743
List the prime factors of 10761.
3, 17, 211
What are the prime factors of 1545?
3, 5, 103
List the prime factors of 7101.
3, 263
List the prime factors of 3120.
2, 3, 5, 13
What are the prime factors of 47074?
2, 23537
What are the prime factors of 697?
17, 41
What are the prime factors of 2588?
2, 647
What are the prime factors of 17299?
17299
List the prime factors of 29936.
2, 1871
What are the prime factors of 43149?
3, 19, 757
What are the prime factors of 41695?
5, 31, 269
What are the prime factors of 1762?
2, 881
List the prime factors of 74244.
2, 3, 23, 269
What are the prime factors of 746?
2, 373
List the prime factors of 520.
2, 5, 13
List the prime factors of 4022.
2, 2011
What are the prime factors of 323?
17, 19
List the prime factors of 1521.
3, 13
List the prime factors of 31429.
53, 593
List the prime factors of 30408.
2, 3, 7, 181
List the prime factors of 64046.
2, 31, 1033
What are the prime factors of 26535?
3, 5, 29, 61
List the prime factors of 551.
19, 29
List the prime factors of 4814.
2, 29, 83
List the prime factors of 1141.
7, 163
What are the prime factors of 138182?
2, 11, 571
What are the prime factors of 280?
2, 5, 7
List the prime factors of 47366.
2, 11, 2153
List the prime factors of 7592.
2, 13, 73
List the prime factors of 6727.
7, 31
List the prime factors of 17851.
17851
List the prime factors of 2282.
2, 7, 163
List the prime factors of 4751.
4751
What are the prime factors of 813?
3, 271
List the prime factors of 4798.
2, 2399
What are the prime factors of 1820?
2, 5, 7, 13
What are the prime factors of 2822?
2, 17, 83
What are the prime factors of 19324?
2, 4831
What are the prime factors of 1902?
2, 3, 317
What are the prime factors of 69854?
2, 53, 659
List the prime factors of 120333.
3, 40111
What are the prime factors of 25580?
2, 5, 1279
What are the prime fa